
3
What is the remainder when 1352635 is divided by 100?
35
What is the remainder when 2510624 is divided by 793?
779
Calculate the remainder when 11207461 is divided by 468.
265
What is the remainder when 109766233 is divided by 23?
21
What is the remainder when 2684015 is divided by 54?
53
What is the remainder when 118140 is divided by 45?
15
What is the remainder when 35982813 is divided by 76?
5
What is the remainder when 3023999 is divided by 2700?
2699
Calculate the remainder when 20302438 is divided by 193.
189
What is the remainder when 53751918 is divided by 235754?
6
What is the remainder when 1773226764 is divided by 7241?
7238
What is the remainder when 2334226 is divided by 978?
718
What is the remainder when 124507715 is divided by 1883?
1872
Calculate the remainder when 2237011 is divided by 1687.
49
What is the remainder when 994888 is divided by 22106?
118
What is the remainder when 4192023 is divided by 5430?
63
What is the remainder when 1351632 is divided by 37?
22
What is the remainder when 104812 is divided by 888?
28
Calculate the remainder when 39093 is divided by 5530.
383
Calculate the remainder when 21415459 is divided by 110.
109
Calculate the remainder when 17734 is divided by 8861.
12
Calculate the remainder when 2696367 is divided by 245074.
553
What is the remainder when 31299118 is divided by 118?
90
What is the remainder when 6095410 is divided by 12?
10
Calculate the remainder when 55974698 is divided by 55039.
35
Calculate the remainder when 209298 is divided by 3322.
12
Calculate the remainder when 1074676 is divided by 7013.
1687
What is the remainder when 3031044 is divided by 378876?
36
Calculate the remainder when 2054146 is divided by 55.
6
What is the remainder when 426939 is divided by 658?
555
Calculate the remainder when 1411643 is divided by 4370.
133
What is the remainder when 1766122 is divided by 85?
77
What is the remainder when 55265 is divided by 713?
364
Calculate the remainder when 10417906 is divided by 417.
412
What is the remainder when 676385 is divided by 223809?
4958
What is the remainder when 32006 is divided by 230?
36
Calculate the remainder when 39659 is divided by 13170.
149
What is the remainder when 5479332 is divided by 331?
289
What is the remainder when 309483 is divided by 2691?
18
What is the remainder when 884264 is divided by 2932?
1732
Calculate the remainder when 703483 is divided by 24.
19
Calculate the remainder when 3835233 is divided by 4465.
4263
Calculate the remainder when 123443 is divided by 30830.
123
What is the remainder when 1342749 is divided by 20?
9
Calculate the remainder when 174432 is divided by 34800.
432
What is the remainder when 9972544 is divided by 664823?
199
What is the remainder when 835232 is divided by 2645?
2057
Calculate the remainder when 1795160970 is divided by 2458.
2456
Calculate the remainder when 4235718 is divided by 11573.
0
What is the remainder when 23498 is divided by 2153?
1968
Calculate the remainder when 975171 is divided by 586.
67
What is the remainder when 4738481 is divided by 300?
281
What is the remainder when 21998097 is divided by 1203?
39
What is the remainder when 111214682 is divided by 23?
22
Calculate the remainder when 656244 is divided by 72894.
198
Calculate the remainder when 3888906 is divided by 638.
296
Calculate the remainder when 33630 is divided by 16437.
756
Calculate the remainder when 1783978 is divided by 22.
20
What is the remainder when 27905 is divided by 1654?
1441
What is the remainder when 93802 is divided by 7215?
7
What is the remainder when 300407 is divided by 297757?
2650
Calculate the remainder when 332105013 is divided by 341.
339
Calculate the remainder when 129712 is divided by 64846.
20
What is the remainder when 127842350 is divided by 88?
86
Calculate the remainder when 4400687 is divided by 262.
135
What is the remainder when 24459557 is divided by 79414?
45
Calculate the remainder when 204905281 is divided by 29268.
13
What is the remainder when 107510 is divided by 2014?
768
What is the remainder when 1094233 is divided by 362?
269
What is the remainder when 3371155 is divided by 357?
4
Calculate the remainder when 10657978 is divided by 918.
916
Calculate the remainder when 2515175 is divided by 838382.
29
What is the remainder when 10665972 is divided by 44815?
2
Calculate the remainder when 112209505 is divided by 894.
883
What is the remainder when 354143 is divided by 15?
8
Calculate the remainder when 721338 is divided by 25.
13
What is the remainder when 4138 is divided by 2046?
46
Calculate the remainder when 35798 is divided by 35671.
127
What is the remainder when 37071 is divided by 9221?
187
Calculate the remainder when 303258 is divided by 1827.
1803
What is the remainder when 1607958 is divided by 42311?
140
Calculate the remainder when 90500 is divided by 22625.
0
Calculate the remainder when 1159309 is divided by 1955.
1949
What is the remainder when 6304074 is divided by 1576017?
6
Calculate the remainder when 17746633 is divided by 680.
673
Calculate the remainder when 909433 is divided by 460.
13
What is the remainder when 13148 is divided by 2179?
74
What is the remainder when 1486154 is divided by 1484764?
1390
What is the remainder when 129274 is divided by 793?
15
What is the remainder when 581576 is divided by 64609?
95
What is the remainder when 2815039 is divided by 561?
502
What is the remainder when 77577 is divided by 1200?
777
What is the remainder when 46534377 is divided by 3102291?
12
Calculate the remainder when 48927 is divided by 48917.
10
Calculate the remainder when 75159 is divided by 7515.
9
What is the remainder when 9827375 is divided by 6033?
5651
Calculate the remainder when 251300 is divided by 622.
12
What is the remainder when 1798584 is divided by 631?
234
What is the remainder when 6398007 is divided by 2095?
1972
What is the remainder when 61048849 is divided by 1070?
1069
Calculate the remainder when 779128734 is divided by 485.
484
What is the remainder when 64941320 is divided by 22014?
20
What is the remainder when 18971548 is divided by 370?
168
Calculate the remainder when 125735 is divided by 10926.
5549
What is the remainder when 6503772 is divided by 51?
48
What is the remainder when 1770663 is divided by 1770658?
5
What is the remainder when 722572 is divided by 547?
532
Calculate the remainder when 380739 is divided by 76141.
34
What is the remainder when 593458654 is divided by 2389?
2386
What is the remainder when 270932 is divided by 1881?
68
What is the remainder when 70662874 is divided by 20?
14
Calculate the remainder when 2703956 is divided by 3699.
3686
Calculate the remainder when 194379312 is divided by 97189656.
0
What is the remainder when 2455558 is divided by 163691?
193
Calculate the remainder when 168059 is divided by 700.
59
Calculate the remainder when 133236 is divided by 14510.
2646
Calculate the remainder when 8934361 is divided by 49.
44
Calculate the remainder when 83701 is divided by 447.
112
Calculate the remainder when 13855671 is divided by 3463917.
3
Calculate the remainder when 1234428 is divided by 4242.
6
What is the remainder when 181411 is divided by 1578?
1519
Calculate the remainder when 115309 is divided by 23052.
49
Calculate the remainder when 222919 is divided by 73884.
1267
Calculate the remainder when 3270912 is divided by 434.
288
Calculate the remainder when 189732 is divided by 21076.
48
What is the remainder when 468537 is divided by 93371?
1682
What is the remainder when 5185 is divided by 3494?
1691
What is the remainder when 16552 is divided by 7975?
602
Calculate the remainder when 17709813 is divided by 7.
2
Calculate the remainder when 4598672 is divided by 90170.
2
What is the remainder when 419346 is divided by 24648?
330
What is the remainder when 103846 is divided by 470?
446
Calculate the remainder when 963103779 is divided by 641.
638
Calculate the remainder when 12160654 is divided by 6080315.
24
What is the remainder when 148060 is divided by 20492?
4616
Calculate the remainder when 88910543 is divided by 68.
67
What is the remainder when 251628 is divided by 889?
41
Calculate the remainder when 266742827 is divided by 1866.
1859
What is the remainde